be 400/125*(-2)/(b/(-290)). What is the highest common divisor of l and 29?
29
Suppose 371 = 41*x - 818. Let f(s) be the third derivative of s**5/12 - s**4/8 - 5*s**3/6 - s**2. Let b be f(-7). What is the highest common divisor of b and x?
29
Let a(t) = 174*t - 6. Let c be a(5). Let p = -263538 - -263570. Calculate the greatest common divisor of p and c.
32
Let p(m) = m**3 + 13*m**2 - 2*m - 18. Let z be p(-13). Suppose 0 = -z*c + 2*c + 168. Suppose 5*l - 73 = -c. What is the highest common divisor of l and 18?
9
Let l(r) = -95*r - 1 - r**2 + 0 - 4 + 67*r. Let f be l(-4). Calculate the highest common divisor of 13 and f.
13
Let y(f) = -175*f**3 - f**2 + 13*f + 14. Let w(z) = -20*z + 139. Let q be w(7). Let k be y(q). What is the greatest common divisor of 35 and k?
35
Suppose 7*d - 3*u = 4*d - 1464, 2*d + 976 = 3*u. Let n = d + 324. Let h = -112 - n. Calculate the greatest common divisor of 13 and h.
13
Suppose 29*y + 75 = 4*y. Let t be (-47)/y + (-3)/(-45)*5. Calculate the highest common factor of t and 16.
16
Let p(r) = r**2 + 5*r + 6. Let d be p(7). Suppose q + 0*q - 16*q = 0. Suppose q = z - 3*g - 25, z + z - g = 25. What is the highest common divisor of z and d?
10
Let t = -3 - 1. Let h be (-382)/(-14) - -3*t/42. Let p = -7 - -16. What is the greatest common factor of h and p?
9
Suppose 13*h - 17*h - 7*h = -47795. What is the highest common divisor of 15 and h?
5
Suppose -140 = -2*g - 3*g. Let u(m) = -m**3 + 9*m**2 + 11*m + 18. Let y be u(10). Let z = 0 + y. What is the highest common divisor of g and z?
28
Let s(t) = -t**3 - 34*t**2 - 57*t + 232. Let q be s(-32). What is the highest common divisor of q and 134?
2
Let k = 494 - 230. Suppose -f - 20 = -21. Let p(w) = 33*w - 9. Let l be p(f). What is the greatest common divisor of k and l?
24
Let p(i) = i**3 + 2*i**2 - 2*i + 1. Let o be p(1). Let w be 6 + ((-15)/(-5) - o). What is the highest common divisor of w and 112?
7
Let n = -18 - -34. Let f be (2 + 510)*91/182. What is the greatest common divisor of f and n?
16
Let l be (-2 - 969/(-6))/(12/(-3192)*-19). Calculate the highest common factor of l and 174.
29
Let z be 1332/111 + (-3 - (-2532 + -5)). What is the greatest common divisor of z and 152?
38
Suppose 0 = -3*v + 2236 - 706. Let p(o) = o**3 + 7*o**2 + 10*o + 5. Let z be p(-5). What is the highest common factor of v and z?
5
Let c(y) = y**3 + 7*y**2 - 14*y - 36. Let s be 352/(-5) - (4 - (-44)/(-10)). Let i = s - -62. Let p be c(i). What is the highest common divisor of p and 84?
12
Suppose 0 = -3*j + 6*j + 117. Let u = j - -59. Let c = 33 - u. Calculate the greatest common factor of 13 and c.
13
Let n(c) = -8 + 4*c - 24 + 17. Let y be n(6). What is the greatest common factor of y and 3?
3
Let p(w) = -w**2 + 6*w - 3. Let q be 5/(2 + 7/(-6)) - 2. Let o be p(q). Let y = 27 + o. What is the greatest common factor of y and 352?
32
Suppose -115 = 11*g - 104. Let b be ((g/2)/1)/(3/(-4998)). What is the greatest common factor of 98 and b?
49
Suppose 0 = -16*r - 1525 + 1621. What is the greatest common factor of r and 1614?
6
Let w(v) = -v**2 - 46*v - 277. Let d be w(-37). What is the greatest common factor of d and 632?
8
Let a be (-6 - -2)*(-1581)/68. Calculate the highest common divisor of a and 24.
3
Let m be (-72)/1176*21 - 4479/(-21). What is the greatest common divisor of 7738 and m?
106
Let w = 174 + -104. Suppose 5*t - w = -5*d, 1 = d - 3*t - 1. Calculate the highest common factor of 55 and d.
11
Suppose -3*q + 5*a - 2*a = 0, -4*q - a = -10. Suppose -q*o = 3*m + 123, -o + 5*m - 6 = 62. Let g = -62 - o. What is the greatest common factor of g and 11?
1
Suppose 0 = 20*q + 154*q - 6612. What is the highest common factor of 1387 and q?
19
Let n(w) = 3*w**2 + 47*w - 115. Let o be n(-51). What is the greatest common factor of 143 and o?
143
Suppose -2*f = -f - 415. Let p = 53335 - 53330. What is the highest common factor of p and f?
5
Let c = 3178 + -2991. What is the highest common factor of c and 272?
17
Suppose -1752 = -3*d + 3*p, 9*d - 8*d + p - 592 = 0. Suppose 0 = 64*s - 50*s - d. Calculate the greatest common divisor of 182 and s.
14
Suppose 0 = 23*i + 184 + 345. Let t = i - -54. What is the highest common factor of t and 31?
31
Suppose -3*n - 7*w + 6 = -10*w, -5*n = 3*w - 18. Let i(a) = -a**2 + 5*a - 5. Let r be i(n). Suppose 2*x + 1 = 5. What is the highest common factor of r and x?
1
Let j = 24065 + -23793. Calculate the greatest common factor of j and 5321.
17
Let v = 330 + -284. Suppose -3*r + v = 5*q, 3*q + q - 55 = -5*r. Calculate the greatest common divisor of 3 and r.
1
Suppose 24*y - 240*y + 268323 = -43*y. What is the highest common factor of y and 66?
33
Let b = 2393 + -2030. What is the greatest common factor of 1210 and b?
121
Suppose 0 = 4*b - 3*b - 5, -4*h = 5*b - 249. Suppose -11*o + 63 = -25. Calculate the greatest common divisor of h and o.
8
Suppose 12 = z + 7. Let v = -310 - z. Let s be (-7)/(v/1086) + (-6)/45. Calculate the highest common factor of 3 and s.
3
Let g be 2026 + -3 + 29 + -39. What is the highest common factor of g and 66?
33
Suppose 0 = f + 2*f - 51. Let p(c) = 3*c - 34. Let u be p(12). Suppose 7*t - 287 = 3*t - 5*j, u*t - 2*j = 130. Calculate the greatest common divisor of t and f.
17
Let b = -2779 + 2818. Calculate the highest common factor of b and 39.
39
Suppose 0 = y - 2*c - 154, -5*y + 820 = 2*c + 2. What is the highest common factor of y and 24?
6
Suppose f + 5*l - 158 = 0, 27*f + 2*l + 268 = 29*f. What is the greatest common divisor of 1311 and f?
69
Let w = 24255 + -24239. Suppose -3*b = -3, -4*y + 2*b + 2*b + 156 = 0. Calculate the highest common divisor of w and y.
8
Let v(q) = -q**2 + 11*q + 65. Let y be v(13). Let x be (0 + y/(-12) - -3)*-28. What is the greatest common divisor of x and 2?
1
Let f be -105 + (-2 - -20)/(-3). Let v be ((-11248)/f)/((-1)/(-3)). Calculate the greatest common factor of v and 57.
19
Let a = 340 + -216. Suppose -9 = -5*g + 4*t + 95, -5*g = t - a. Calculate the highest common divisor of g and 54.
6
Let j = -243 + 239. Let l be 40*-2*(3 + j). What is the greatest common divisor of 256 and l?
16
Suppose 10*b = 4*c + 6*b - 44, 5*b = -3*c + 41. Suppose 5*h - 983 = 3*l, -c*l + 9*l - 591 = -3*h. What is the greatest common divisor of h and 245?
49
Let j be (105/(-28))/(-2*(-2)/(-32)). Suppose -2*h + 5*g = -j, -3*g - 12 = -h + g. What is the greatest common factor of 160 and h?
20
Let h(q) = 2*q**2 - 6*q + 7. Let f be h(3). Suppose -5*d + 9 = -2*m, 0*m - 2*d = -m - 3. Let x be (-1)/m*-6*28. Calculate the greatest common factor of f and x.
7
Let s = -349 + 161. Let l = s - -292. Calculate the highest common divisor of 13 and l.
13
Let p = 2617 + -2580. What is the greatest common factor of 1591 and p?
37
Suppose -30*j = 278 - 1598. Suppose 17*q + 13*q - 9240 = 0. What is the greatest common divisor of q and j?
44
Let h = -605 + 8945. What is the highest common divisor of h and 6?
6
Let l = -62 + 174. Let c be (-34)/(-12) - (-2)/24*2. Suppose -c*j + 0*j + d = -52, 0 = -3*j - d + 44. What is the greatest common divisor of j and l?
16
Let q = 4419 - 1871. What is the highest common factor of q and 52?
52
Suppose -6*s + 29 = -s + 2*p, 3*p = -2*s + 16. Let g be -8 - -7 - -391 - s. What is the highest common factor of g and 165?
55
Let u(s) = 4*s - 16. Let n be u(1). Let h(i) = i**3 + 13*i**2 - 11*i - 12. Let k be h(n). Calculate the highest common divisor of 48 and k.
24
Let f = 85 - 109. Let i be 39/(-8) - -5 - 765/f. What is the greatest common divisor of i and 688?
16
Suppose -5*f = -5*b - 305, 110*f + 57 = 111*f - 3*b. What is the greatest common factor of 2205 and f?
63
Suppose -35 = -8*s - 115. Let i(g) = -g + 1. Let q be i(s). Let m be (6/5)/(q/825). Calculate the highest common factor of 18 and m.
18
Suppose 307156 = 91*v + 120*v - 699525. Calculate the highest common divisor of 26 and v.
13
Let b be (-24)/(-276) + 1562/23. Let r be 22/143 - 661/(-13). What is the greatest common factor of b and r?
17
Suppose -s + 2*s = 3*h - 40, -5*h = 2*s - 74. Suppose 4*y = h*y - 90. Let x be (21/y)/((-3)/(-18)). Calculate the greatest common factor of x and 14.
14
Let b = -750 + 1190. Let n = b + -426. Let f(o) = -21*o. Let i be f(-6). What is the greatest common divisor of n and i?
14
Let l be (-21 + 28 - 13)*-1366. Wha